{"id":29,"date":"2026-04-17T09:51:17","date_gmt":"2026-04-17T09:51:17","guid":{"rendered":"https:\/\/holtrum.click\/?page_id=29"},"modified":"2026-04-17T09:51:21","modified_gmt":"2026-04-17T09:51:21","slug":"contactos-de-pedidos","status":"publish","type":"page","link":"https:\/\/holtrum.click\/?page_id=29","title":{"rendered":"Contactos de pedidos"},"content":{"rendered":"\n<p>En el mundo del delivery, la comunicaci\u00f3n es el ingrediente secreto. Soy Alejandro Ramirez y en <strong>holtrum<\/strong> estamos disponibles para resolver cualquier duda sobre tu pedido, integrarte como restaurante partner o coordinar servicios corporativos en la Regi\u00f3n de Tarapac\u00e1. Aqu\u00ed tienes nuestra matriz de contacto \u00fanica para una respuesta t\u00e9cnica y veloz.<\/p>\n\n\n\n<h3 class=\"wp-block-heading\">Informaci\u00f3n Maestra de Contacto<\/h3>\n\n\n\n<figure class=\"wp-block-table\"><table class=\"has-fixed-layout\"><thead><tr><td><strong>Concepto<\/strong><\/td><td><strong>Detalle Oficial<\/strong><\/td><\/tr><\/thead><tbody><tr><td><strong>Director de Log\u00edstica<\/strong><\/td><td>Alejandro Ramirez<\/td><\/tr><tr><td><strong>Sede de Operaciones<\/strong><\/td><td>Padre Rub\u00e9n Donoso 3124, 1111191 Iquique, Chile<\/td><\/tr><tr><td><strong>Canal de Ayuda Digital<\/strong><\/td><td><strong>mail@holtrum.click<\/strong><\/td><\/tr><tr><td><strong>Tel\u00e9fono<\/strong><\/td><td>+56 9 5732 4501<\/td><\/tr><tr><td><strong>Staff de Soporte<\/strong><\/td><td>5 Especialistas en Despacho<\/td><\/tr><\/tbody><\/table><\/figure>\n\n\n\n<blockquote class=\"wp-block-quote is-layout-flow wp-block-quote-is-layout-flow\">\n<p><strong>Nota de Alejandro:<\/strong> &#8220;Si eres due\u00f1o de un restaurante en Iquique y quieres elevar tu est\u00e1ndar de entrega al nivel holtrum, escr\u00edbenos. Transformamos el hambre en sonrisas, calle por calle, desde el puerto hasta tu puerta&#8221;.<\/p>\n<\/blockquote>\n\n\n\n<p>\u00bfDeseas que programemos una reuni\u00f3n para el servicio de catering de tu empresa en Iquique o prefieres que te enviemos la lista de los nuevos restaurantes destacados de esta semana en Tarapac\u00e1? <strong>Estamos listos para atenderte.<\/strong><\/p>\n","protected":false},"excerpt":{"rendered":"<p>En el mundo del delivery, la comunicaci\u00f3n es el ingrediente secreto. Soy Alejandro Ramirez y en holtrum estamos disponibles para resolver cualquier duda sobre tu pedido, integrarte como restaurante partner o coordinar servicios corporativos en la Regi\u00f3n de Tarapac\u00e1. Aqu\u00ed tienes nuestra matriz de contacto \u00fanica para una respuesta t\u00e9cnica y veloz. Informaci\u00f3n Maestra de [&hellip;]<\/p>\n","protected":false},"author":1,"featured_media":0,"parent":0,"menu_order":9,"comment_status":"closed","ping_status":"closed","template":"","meta":{"footnotes":""},"class_list":["post-29","page","type-page","status-publish","hentry"],"_links":{"self":[{"href":"https:\/\/holtrum.click\/index.php?rest_route=\/wp\/v2\/pages\/29","targetHints":{"allow":["GET"]}}],"collection":[{"href":"https:\/\/holtrum.click\/index.php?rest_route=\/wp\/v2\/pages"}],"about":[{"href":"https:\/\/holtrum.click\/index.php?rest_route=\/wp\/v2\/types\/page"}],"author":[{"embeddable":true,"href":"https:\/\/holtrum.click\/index.php?rest_route=\/wp\/v2\/users\/1"}],"replies":[{"embeddable":true,"href":"https:\/\/holtrum.click\/index.php?rest_route=%2Fwp%2Fv2%2Fcomments&post=29"}],"version-history":[{"count":1,"href":"https:\/\/holtrum.click\/index.php?rest_route=\/wp\/v2\/pages\/29\/revisions"}],"predecessor-version":[{"id":30,"href":"https:\/\/holtrum.click\/index.php?rest_route=\/wp\/v2\/pages\/29\/revisions\/30"}],"wp:attachment":[{"href":"https:\/\/holtrum.click\/index.php?rest_route=%2Fwp%2Fv2%2Fmedia&parent=29"}],"curies":[{"name":"wp","href":"https:\/\/api.w.org\/{rel}","templated":true}]}}